s the units digit of t?
5
Suppose 0 = 4*y - 781 - 931. What is the tens digit of y?
2
Let d(f) = f**3 - 14*f**2 - 12*f - 31. Let j be d(16). Suppose -38 - j = -3*q. What is the hundreds digit of q?
1
Suppose p + 22 = -5*g, 3*p = 5*g - 2*g + 6. Let k(b) = 10*b**2 - 3*b - 5. What is the tens digit of k(p)?
4
Let a(x) = -x**3 - 13*x**2 - 16*x + 5. Suppose -y - 13 = 19. Let z = y - -20. What is the units digit of a(z)?
3
Let o(p) = 2*p**2 + 5*p - 12. Let k be o(-9). Suppose -k = -0*c - 3*c. Let h = c + 0. What is the tens digit of h?
3
Suppose 0 = -4*f + 1664 + 532. What is the tens digit of f?
4
Let m be (0/3)/(-2 - -5) - 469. Let g = -266 - m. What is the hundreds digit of g?
2
Let s(d) = 9*d - 45. Let y(i) = i. Let h(a) = -9*a + 22. Let n(k) = -h(k) - 4*y(k). Let z(c) = 7*n(c) - 4*s(c). What is the units digit of z(0)?
6
Suppose -18080 = -22*b + 1588. What is the tens digit of b?
9
Let n(k) = -18*k**3 - 2*k**2 + 2. Let y be n(-1). Suppose -y*d + 17*d + 129 = 0. What is the units digit of d?
9
Let o(x) = -x**3 - 5*x**2 - 5*x + 1. Let i be o(-4). Suppose -i*v - 4 = -6*v. Suppose 40 = 3*l + f, -6*f + v*f + 32 = 2*l. What is the units digit of l?
2
Suppose -1427 - 641 = -22*z. What is the tens digit of z?
9
Let t(r) = 4*r**2 + 2*r. Let k be t(1). What is the tens digit of 1671/18 + 1/k + -2?
9
Suppose 0 = -2*b - 4, 2*y - b = 3*b + 38. Let o(h) = -2*h**3 + 32*h**2 - 18*h + 35. What is the tens digit of o(y)?
1
Suppose -4*i - z + 4*z - 59 = 0, 5*z = 3*i + 47. Let k be 1 + 2 + (i - -13). Suppose -r + 87 = k*r. What is the units digit of r?
9
Let a(s) = 12*s + 118. What is the tens digit of a(12)?
6
Let q(v) = v + 3. Let l be q(0). Let x(n) = 4*n**2 - 3*n + 14. What is the units digit of x(l)?
1
Let r(u) = 10*u**2 - 20*u - 6. Let p(k) = k**2 - k + 1. Let q(b) = -2*p(b) + r(b). What is the hundreds digit of q(6)?
1
What is the units digit of ((-3120)/(-72))/((-4)/(-18))?
5
Suppose 0 = 4*z - 4*r - 12, 0 = 5*z - 2*r - 2*r - 17. Suppose -449 + 52 = -4*n - w, -2*n - z*w + 221 = 0. What is the tens digit of n?
9
Let j = -19 - -13. Let f be ((-18)/12)/(j/4). What is the tens digit of -3*(-12)/1 - f?
3
Suppose 5*c = -c + 90. Let o be 30/(-1) - (c + -17). Let l = -21 - o. What is the units digit of l?
7
Let z(i) = -23*i + 15. Let b be z(-8). Let d = 288 - b. What is the units digit of d?
9
Let v(m) = m**2 - 6*m - 10. Let d be v(8). Suppose 2*a = -2*u + d, -a + 15 = 5*u - 4*a. Suppose 0 = -6*s + u*s + 75. What is the tens digit of s?
2
Let n(p) = 5*p + 12. Let h(m) = -m**2 - 5*m + 11. Let k be 4 + 2*(-7 - -2). Let r be h(k). What is the tens digit of n(r)?
3
Let p(m) = 20*m**2 - m - 8. Let i be p(-5). Let u = -303 + i. What is the hundreds digit of u?
1
Suppose -7*z + 60 = -4*z. Let f be z/30 - 20/(-6). What is the units digit of 964/16 + (-1)/f?
0
Suppose -5*t + 0*t + 2*z = -9, -z = -5*t + 12. Suppose -t*g + 5*f = 243, -6*g - 359 = -2*g + 5*f. Let x = -61 - g. What is the tens digit of x?
2
Suppose 4*v = -t - 88, -2*t + 3*v - 188 = -12. Let d be t/33*3/(-2). Suppose o + 90 = d*o. What is the units digit of o?
0
Suppose 40*i - 35*i = 790. Suppose -i = 8*c - 1294. What is the tens digit of c?
4
Suppose -11*o + 13*o - 20 = 0. Suppose -o*r + 4*r + 660 = 0. What is the hundreds digit of r?
1
Let v be 88/33 + (-2)/3. Suppose v*j = -35 + 11. Let r = -5 - j. What is the units digit of r?
7
Suppose 0 = -u - g - 0*g + 11, -3*g + 9 = 0. Suppose 2*p - r = 1, 3*p = -0*p + r. What is the units digit of 20*((-20)/u)/p?
0
What is the units digit of 1648/12 + -8 - 4/3?
8
Let b(d) = 3*d**2 - 5*d + 3. Let h(t) = -t**2 + t + 1. Let k(i) = b(i) + 2*h(i). What is the units digit of k(4)?
9
Suppose 5*h + 4*o + 1 = 24, o = -h + 5. Suppose l + 2*j - 67 = 0, -h*l + 5*j + 98 = -l. What is the tens digit of l?
5
Let q(l) = l - 1. Let j(o) = -3*o + 16. Let h(w) = j(w) + 6*q(w). Let z be h(-5). Let d = 7 - z. What is the units digit of d?
2
Let g(w) = 1. Let i(l) = -9*l + 11. Let o(v) = 10*v - 12. Let b(h) = -6*i(h) - 5*o(h). Let j(t) = b(t) + 5*g(t). What is the units digit of j(9)?
5
Let d be (-4)/16*-4 - -1. Suppose -d*a = -x - 17, x = 4*a + 3*x - 30. What is the units digit of 30/a - (-2)/8?
4
Let i(r) be the first derivative of -r**4/12 - 4*r**3/3 - 3*r**2 - 5*r - 6. Let m(c) be the first derivative of i(c). What is the units digit of m(-5)?
9
Suppose -276*j = -267*j - 37296. What is the units digit of j?
4
Suppose f + 2*n = n + 4024, 2*n + 16084 = 4*f. What is the units digit of f?
2
Let g = -183 - -375. Let z = g - 70. What is the units digit of z?
2
Suppose 390 = y + 2*y. Let i = y + -18. What is the tens digit of i?
1
Let m be (-10)/(-8)*10*-2. Let l be ((-8)/(-20))/(1/m). What is the units digit of (-2)/l + 178/10?
8
Let i = 7 - 4. Suppose -3*c - i*t + 402 = 0, 550 = 4*c + 5*t + 17. What is the units digit of c?
7
Suppose 3260 = 3*w - n, 2*w = 4*n + 700 + 1490. What is the units digit of w?
5
Suppose 18 = 5*k + 143. Let q = -24 - k. What is the units digit of q?
1
Suppose -b + 4*s = -6*b + 43, -5 = -b + s. Let n(i) = 2*i**2 - 13*i - 3. Let t be n(b). What is the units digit of 14/18 + t/18?
1
Let o = -4 + 7. Suppose o*l + l = 0. Suppose -147 = -7*n - l*n. What is the tens digit of n?
2
Let z(x) = 17*x**2 + x. Let o = 2 + 0. Let k be (o/(-4))/((-4)/8). What is the units digit of z(k)?
8
Let y be 4/22 - 291/(-33). Let z(n) = 5*n + 2. What is the units digit of z(y)?
7
Let u be (-70)/4*(1 + -11). Let a = u + -97. What is the tens digit of a?
7
Let g = -3 - -6. Suppose a - 84 = -g*a. Suppose -a - 5 = -o. What is the tens digit of o?
2
Let m be -7 - (-3 + -1) - -5. Suppose d - 2*d - 70 = -h, 0 = -m*h + d + 137. What is the tens digit of h?
6
Suppose -y + 238 - 14 = 4*u, 0 = 3*y + 3*u - 663. What is the hundreds digit of y?
2
Let m be 156/(-130)*(-2)/(4/190). Suppose -v = 3*v - 264. Let x = m - v. What is the tens digit of x?
4
Suppose v = -5*p + 4539, 16*v - 11*v - 22626 = -2*p. What is the hundreds digit of v?
5
Suppose 892*d = 891*d + 1372. What is the thousands digit of d?
1
Let n(p) = 6*p**2 + 11*p + 56. What is the hundreds digit of n(-17)?
6
Let x be (-2104)/(-12) - 4/(-6). Suppose -x + 26 = -5*f. What is the units digit of f?
0
Let k(y) = -y**3 - 9*y**2 - 10*y - 13. What is the units digit of k(-8)?
3
Suppose -20*s = -27*s + 315. What is the units digit of s?
5
Suppose 0 = -5*c + 10 + 5. Suppose c*r - 7 = 2. Suppose h = -r*h + 20. What is the units digit of h?
5
Suppose -10 = 6*u - 11*u. Suppose 8*y - 3*y - 2*k = 93, 0 = u*y + 3*k - 41. What is the units digit of y?
9
Let n(k) = -62*k + 1. Let x(z) = z. Let h(j) = -n(j) - 2*x(j). What is the hundreds digit of h(2)?
1
Suppose -s + 54 + 405 = 0. What is the units digit of s?
9
Suppose -4*q = 7*q - 121. Let c(h) = h**3 - 10*h**2 + 3*h + 1. What is the tens digit of c(q)?
5
Let v(k) = k**2 - 3*k + 20. Let y be v(17). Let a = y + -151. What is the hundreds digit of a?
1
Let c = 39 + -65. Let d be (-3)/9*(-21 + 3). What is the tens digit of -6 + d + -3 - c?
2
Let x = -8 - -2. Let d be (x - 0)*(-5)/10. What is the units digit of ((-18)/4)/(d/(-6))?
9
Let b = 338 - 611. What is the tens digit of (-447)/2*13/(b/14)?
4
Suppose -q + 324 = 5*f, -127 = -3*f - q + 67. What is the units digit of f?
5
Let m(j) = 6*j + 37. What is the units digit of m(2)?
9
Let g(v) = -v**2 + 1. Let d be g(1). Suppose 0 = 3*m - d*y + 3*y - 6, 0 = -2*m + 4*y + 28. Suppose 4*k - m*k = -28. What is the tens digit of k?
1
Suppose -4*n = 5*p - 1, 0 + 5 = 4*p - n. Let l(j) = 33*j**2 + j - 2. What is the tens digit of l(p)?
3
Suppose 7 = 3*g - f, -g = 4*g - 5*f - 15. Let i = g + 18. What is the units digit of i?
0
Let s(l) = -2*l + 21. Suppose -3*o + 1 = 2*x, 0*o + 49 = 3*x - 5*o. Let c = 8 - x. What is the units digit of s(c)?
1
What is the hundreds digit of (628/(-10))/((-75)/375)?
3
Let x(z) = 15*z - 115. What is the hundreds digit of x(38)?
4
Let f = -13 + -47. Let m = -43 - f. Suppose 0 = -4*g + m + 107. What is the tens digit of g?
3
Suppose 0*q + 6 = 2*q - 4*v, 5*q - 75 = -5*v. Suppose -30 + 701 = q*o. What is the units digit of o?
1
Suppose -4*g = v - 0 + 1, -5 = -2*v - g. Let l be 1 + v + (0 - 4). Let r(j) = -j**2 - 3*j + 4. What is the units digit of r(l)?
4
Let o = -273 - -455. What is the units digit of o?
2
Let b(d) = 6*d**2 + 32*d - 300. What is the 